ppose -3090*x + 3110*x = 340. Let k be (51/(-2))/(2/(-4)). What is the highest common factor of k and x?
17
Let w(l) = -22*l + 2. Let y = -8 + 4. Let p(b) = -b**3 - 4*b**2 - 1. Let t be p(y). Let a be w(t). Calculate the greatest common divisor of 4 and a.
4
Let j(b) = -b**3 - 6*b**2 - 7*b - 4. Let v be j(-5). Suppose 4*x = 18 - v. Suppose 0 = x*r - 0*r - 33. What is the highest common divisor of 77 and r?
11
Let w = 53 + 1. Suppose w = g + g. What is the highest common factor of 135 and g?
27
Let j = 12 - -41. Let g be (-2)/(j/(-13) - -4). What is the highest common factor of 39 and g?
13
Let z be 1/2*1*10. Suppose 0*g + 2 = 2*g - 2*y, y + 1 = -z*g. Suppose l = 3*u - 452, -4*u + 5*l + 665 - 55 = g. Calculate the highest common factor of 15 and u.
15
Let g be (11 + 472/(-40))*-55. What is the highest common divisor of g and 1100?
44
Let c = 1040 + -699. Let r be (141/(-12) - -4)*-4. Calculate the greatest common factor of r and c.
31
Suppose -4*a - 3*m = -8*a + 872, a - 241 = -5*m. Calculate the highest common factor of a and 65.
13
Let g be (-1)/(-3) + (-749)/(-21). Suppose -4*l - g = -4*q, -5*l + 4*l - 49 = -5*q. What is the greatest common divisor of q and 70?
10
Suppose -7*x + 4*x = 0. Let i be -29 - (1 - x - 4). Let g = i - -80. Calculate the greatest common factor of 18 and g.
18
Suppose -18 = d - 4*d. Suppose 4*o = 6 + 2, 3*o = -b + 16. Suppose -i + b = 6. Calculate the greatest common divisor of d and i.
2
Let u(f) be the third derivative of f**5/60 + 5*f**4/8 - 9*f**3/2 + 11*f**2. Let j be u(-17). Calculate the greatest common divisor of 7 and j.
7
Let l(j) = -j**2 + 15*j + 8. Suppose 4*y = 33 + 23. Let f be l(y). Calculate the greatest common factor of 88 and f.
22
Let o be -16*(-20)/(-40) + 15 + 1 + 0. Let a(q) = -2*q + 8. Let h be a(-6). What is the greatest common divisor of o and h?
4
Let x(c) = -3*c + 69. Let g be x(17). Let r be 39/(-5)*(g/(-6) - 7). Calculate the greatest common factor of 195 and r.
39
Let g = 225 - 213. Calculate the highest common factor of 144 and g.
12
Let m be 0 - (1 + -1 - 2). Let a be -3 + m - (2 - 5). Suppose 0*n + 23 = 3*n - a*f, -45 = -5*n + 2*f. Calculate the highest common divisor of n and 11.
11
Let k(c) = -c**2 + 20*c + 43. Let h be k(21). What is the highest common divisor of h and 143?
11
Suppose -124*w = -127*w + 2*k + 592, -k - 5 = 0. Calculate the highest common factor of 873 and w.
97
Suppose 55*y = 66*y - 132. What is the greatest common divisor of 138 and y?
6
Suppose 0 = 8*u - 13*u - 3825. Let r = u - -1150. What is the greatest common divisor of r and 35?
35
Let x be ((-2)/(-6))/(4/24). Suppose -9*r + 10 + 62 = 0. Calculate the greatest common divisor of x and r.
2
Let u(o) = 3*o + 81. Let i be u(-21). Calculate the greatest common factor of i and 18.
18
Suppose 228 = l + 3*k, 9*l - 2*k + 952 = 13*l. What is the highest common divisor of 15 and l?
15
Let w(p) = -p**2 - 52*p - 36. Let f be w(-36). Calculate the greatest common divisor of f and 20.
20
Let r be (66/15)/((-1)/(-30)). Let t(m) = -m**3 - m - 16. Let j be t(0). Let u be j/(-56) + 82/7. What is the greatest common divisor of u and r?
12
Let m(h) = 5*h**2 + 34*h - 3. Let i be m(-7). Suppose 14 - 2 = -4*p. Let g be (i - 2)/((-2)/p). What is the highest common divisor of 3 and g?
3
Let h be ((-9)/(-15))/((-3)/(-75)). Let z(a) be the first derivative of a**3/3 - 5*a**2 + 3. Let t be z(h). Calculate the greatest common factor of 15 and t.
15
Suppose 0 = 4*k - 5*j - 75, 4*k - 27 - 24 = -3*j. What is the highest common factor of 120 and k?
15
Let h be (-14)/14*-15*14. Calculate the greatest common factor of 15 and h.
15
Let t be (2/(-6))/(1/(-57)). Suppose 4*l = -i + 836, 3*l + 2*i - 46 = 581. What is the greatest common factor of t and l?
19
Let q = 11 + 1. Let v = 857 - 849. What is the highest common factor of q and v?
4
Suppose -3*b - 4*f + 16 = 0, 0 = 3*b - 4*b - 4*f + 8. Suppose 8*a = b*a + 128. Calculate the greatest common divisor of a and 4.
4
Let c be ((-5244)/36)/(3/(-9)). Calculate the highest common divisor of 46 and c.
23
Let u(r) be the first derivative of -2*r**2 + r + 14. Let l be u(-6). What is the highest common divisor of 10 and l?
5
Let q(j) = -282*j + 66. Let b be q(-3). Calculate the greatest common factor of b and 48.
48
Let n be (-16)/12 - (-3)/9. Let l be -2 + n + -108 + 6. Let h = -75 - l. What is the greatest common factor of 12 and h?
6
Suppose 1533 = -105*m + 108*m. What is the greatest common factor of m and 292?
73
Let i be (9/12)/(3/(-84)). Let r be (-367)/(-7) + 0 + 9/i. Calculate the highest common divisor of 13 and r.
13
Suppose 0 = -5*o + 2 - 17. Let t be ((-10)/o)/(2/27). Let q be (-2178)/(-363) + (-2)/2 + 13. What is the greatest common factor of t and q?
9
Suppose -4*k - 66 = -178. Suppose -47 - k = -5*j. What is the greatest common divisor of 60 and j?
15
Suppose 4*h + 0*h - 152 = 0. Suppose 8*f + 2*q = 3*f - 278, -f + 4*q = h. Let g be (-266)/(-18) + (-12)/f. Calculate the highest common divisor of 3 and g.
3
Let j be 1/(-2)*(-2 + 1)*52. Calculate the greatest common factor of j and 14.
2
Suppose -64 = -7*q - 43. Calculate the greatest common factor of 1 and q.
1
Let v = 71 + -66. Suppose -2*s = v*u - 26, -4*s + s + 6 = 2*u. Calculate the greatest common divisor of 78 and u.
6
Suppose 25*j = 3*j + 836. What is the greatest common divisor of j and 266?
38
Suppose -153 = -4*v + v. Let a(j) = -3*j - 1. Let f be a(-5). Let z be 705/21 + 6/f. What is the greatest common divisor of v and z?
17
Suppose -3*w - 5 + 185 = 0. Suppose -5*g = -w - 25. Let l(v) = 9*v**2 - 3*v - 4. Let z be l(3). What is the greatest common factor of g and z?
17
Let h = 4 + -3. Let k(l) = 11*l + 19 - 3 - 40 + 2. Let d be k(3). Calculate the highest common divisor of h and d.
1
Let q be (21/(-42))/(1/(-42)). What is the highest common divisor of q and 9?
3
Let v(x) = x + 6. Let o be v(6). Suppose -d - 3*u + 2 = 0, 5*d - 4*u + 2*u - 27 = 0. Suppose d*s - 84 = -2*s. Calculate the greatest common factor of o and s.
12
Suppose -4*x - 22 = -j, 20*x - 20 = 16*x. Suppose -n - 525 = -6*n. What is the highest common factor of n and j?
21
Let y = 36 - 34. Suppose -2*h = 2, -3*v = y*v + 2*h - 58. Suppose -26 = -0*a - 2*a - 4*b, 4*b - 5 = 5*a. Calculate the highest common divisor of v and a.
3
Let m = 1542 - 1493. Calculate the highest common divisor of m and 1568.
49
Let r(u) = -47*u**2 + 225*u + 8. Let o be r(4). Suppose 0*t - 12 = -t. What is the greatest common factor of o and t?
12
Suppose 6*g - 264 = 4*g. Suppose 2*s + 10 = 0, -4*n - s = -3*s + 10. Let p = 17 - n. What is the highest common factor of p and g?
22
Let f(l) = -2*l**3 + 28*l**2 + 5*l - 10. Let v be f(14). Let b be 12*(9/(-2) - -1). Let z = v + b. Calculate the highest common divisor of 162 and z.
18
Let r = 34 - 32. Suppose 0 = -2*l - b + 2 + 14, -2*l + 16 = -r*b. What is the highest common factor of 16 and l?
8
Suppose -3*k = -2*n + 27, 2*n + 11*k = 10*k + 39. What is the highest common factor of n and 702?
18
Let h be 0 + 2/4*-50. Let g = h + 27. Let p be 4/(4 - (0 + g)). Calculate the highest common factor of 22 and p.
2
Suppose 0 = -95*w + 90*w + 70. Calculate the greatest common divisor of w and 28.
14
Let x = -96 - -109. Let s(g) be the third derivative of g**6/120 - g**4/24 + 65*g**3/6 - g**2. Let j be s(0). Calculate the highest common factor of j and x.
13
Suppose 5*l = 4*k + 19 + 23, 3*k + 27 = 3*l. Let v be l/(-10) - (-1911)/35. What is the highest common divisor of v and 36?
18
Let l be 0 + 1/((-1)/30). Suppose 2*j + u - 2 = 0, 3*u - 12 = -4*j - 4. Let s be l/(-4 + j) - 2. What is the greatest common divisor of s and 2?
2
Let j(d) = 7*d + 216. Let u be j(-23). What is the greatest common factor of u and 385?
55
Suppose -5*w - k + 7 = -0*k, 1 = -4*w - 3*k. Let r be (4/(-10))/(w/(-1120)). Calculate the greatest common divisor of 28 and r.
28
Let r = -23 - -26. Let d(o) = -7 - 3 - r*o - 5. Let t be d(-7). Calculate the highest common divisor of 18 and t.
6
Let c = -19 - -20. Let k(g) = 5*g. Let m be k(c). Let q be (-8)/(-20) + 193/m. Calculate the greatest common factor of 13 and q.
13
Suppose 6*u - 73 = 113. Let k be u/3 + 5*(-8)/(-60). What is the greatest common factor of 33 and k?
11
Let t = 3 + 1. Suppose 138 = t*s + 30. Let w be (-3028)/(-28) + 1/(-